(-35))?
9
Suppose 0 = 6*l - 2*l + 24. Let m(c) = 18*c**3 - 10*c**3 - 5*c**2 + 11*c - 9*c**3 - 7*c. What is the units digit of m(l)?
2
Let j = 235 - -1279. What is the hundreds digit of j?
5
Let c(z) = z**2 + 13*z + 1. Let o(t) be the first derivative of 9*t**2/2 + 3*t - 1. Let j be o(-2). What is the units digit of c(j)?
1
Suppose 0 = 6*o - 13310 - 1144. What is the thousands digit of o?
2
Suppose 55*p - 6608 = 48*p. What is the hundreds digit of p?
9
Let t be 13 - (-1 + -1 - -1). Suppose t + 69 = o. What is the units digit of o?
3
What is the tens digit of (-648)/(-60)*((-35)/2)/(-1)?
8
Suppose 2*c = -f + 1243, -47*c = -45*c + 2*f - 1248. What is the units digit of c?
9
Suppose 336 = 6*z - 492. Suppose 0 = -8*r + 14 + z. What is the units digit of r?
9
Let q(r) = -142*r**3 + r**2 + 3*r + 1. What is the hundreds digit of q(-1)?
1
Let x be 183 + (2 + -2)/(-2). Let a = x + -43. What is the units digit of 0 + -4 + a/4?
1
Let h = -276 - -732. Let i = h + -325. What is the units digit of i?
1
Suppose 532 = 11*t - 10*t. What is the units digit of t?
2
Let j(b) = 14*b - 10. Let k be j(5). Suppose -g + 6*g + k = 0. What is the units digit of (14/8)/((-3)/g)?
7
Suppose -655 = -3*j - 2*j - 3*n, 5*j - 5*n - 695 = 0. Let a = j + -16. What is the units digit of a?
8
Suppose -108 = 2*l - 5*l. Let q = 43 - l. Suppose q*r = -124 + 530. What is the tens digit of r?
5
Suppose 0 = -3*i + 7*i - 4*u - 17788, -3*u = -15. What is the tens digit of i?
5
Let g(k) = 3*k - 2. Let x be g(-2). Let r = 44 + x. Suppose u - 31 = -y, -2*u - 3*y = -22 - r. What is the tens digit of u?
3
Let l(s) = -20*s**2 - 5*s + 16. Let d(r) = -18*r**2 - 5*r + 16. Let p(v) = -7*d(v) + 6*l(v). What is the units digit of p(-5)?
9
Suppose 3*a - 1630 = 2087. What is the hundreds digit of a?
2
What is the units digit of 209*(11 - 6) + -5 - 2?
8
Let k(g) = -11*g - 1. Let q(f) = -24*f - 1. Let s(v) = -13*k(v) + 6*q(v). Suppose -3*o = -3*p - 39, o = -4*p + 6*o - 55. What is the tens digit of s(p)?
1
Suppose 2*s = 2*x + 6*s - 48, -5*x - 2*s + 112 = 0. What is the units digit of x?
2
What is the hundreds digit of 3/27 - (-89500)/45?
9
Let t(i) be the first derivative of i**6/120 + 7*i**5/120 - i**4/8 + 2*i**3/3 - 6. Let k(r) be the third derivative of t(r). What is the tens digit of k(3)?
4
Suppose 0 = -40*f + 68018 + 24182. What is the hundreds digit of f?
3
Suppose v + 1616 = 5*v. What is the units digit of v?
4
Let z = -40 + 51. Suppose 0 = 19*q - z*q - 1024. What is the hundreds digit of q?
1
Let x(d) = 15*d**2 + 5*d - 10. What is the thousands digit of x(-11)?
1
Suppose 0 = -28*d + 16760 - 996. What is the units digit of d?
3
Let k(q) = -q**3 + q**2 - q + 1. Let s(p) = 18*p**3 - 4*p**2 + 4*p - 3. Let w(d) = 4*k(d) + s(d). Let x be w(1). Let r = x - 4. What is the tens digit of r?
1
Let v(o) = 2*o**2 - 2*o - 1. Let u be v(2). Suppose 4*h = 4*q - 180, 5*q = -u*h - 9 + 210. Let j = q + -2. What is the tens digit of j?
4
Let g be (-16)/6*18/(-8). Let f be ((-3)/g)/((-3)/18). What is the units digit of (27 - f) + (-1 - -4)?
7
Suppose 0 = -m - 0*m + 2. Let w = -13 - m. What is the tens digit of 25 - (-1)/(5/w)?
2
Suppose 2*q - 115 = -4*b - q, -2*q + 30 = b. Let h be 21/(-6)*(-144)/b. What is the units digit of 232/6*27/h?
8
Suppose 5*b + 216 = 13*b. Suppose b*a + 736 = 35*a. What is the units digit of a?
2
Suppose -9*g = 32*g - 94874. What is the hundreds digit of g?
3
Let v(t) be the first derivative of -t**4/4 - 4*t**3 - 5*t**2 + 12*t + 14. What is the units digit of v(-11)?
1
Suppose 6*u = u + 5. Let x be (22/3)/(u/6). Let y = x - 26. What is the units digit of y?
8
Let x = 24 - 30. What is the tens digit of 1 - x/((-30)/(-425))?
8
Let a(n) = -195*n**3 - n**2 - 3*n - 1. Let w be a(-1). Suppose -t + 3*r = 4*r - 40, 5*t + 4*r = w. What is the tens digit of t?
3
Let w(f) = -17*f + 65. What is the units digit of w(-9)?
8
Let f be 2/1 + (46 - -4). Suppose 0 = -2*i + 184 + f. What is the tens digit of i?
1
Let f(n) = -44*n**3 - 4*n**2 - n + 6. What is the thousands digit of f(-3)?
1
Suppose -941 = -2*z - 3*k, 4*z = 7*z - k - 1428. What is the hundreds digit of z?
4
Let p(h) = 2*h**2 - 27*h - 55. What is the hundreds digit of p(-8)?
2
Let y = -482 - -488. What is the units digit of y?
6
Let u be (5 - -1)/((-3)/(-4)). Let m be 2/8 - (-30)/u. Suppose 100 = -0*h + m*h. What is the units digit of h?
5
Let i(t) = -4*t**2 + 80*t + 2. What is the units digit of i(18)?
6
Suppose -1564 - 17990 = -6*j. What is the hundreds digit of j?
2
Let f(a) = a**2 + 3*a - 1. Let o be 6*(0 - 2)/(-4). Suppose -o*h + 5 + 24 = 5*c, 8 = -c + 4*h. What is the units digit of f(c)?
7
Let d = 13 + -10. Suppose -3*p = 3*x - 192, -p - d*x = -0*p - 54. What is the tens digit of p?
6
Let t be (-4)/((-24)/15)*2. Suppose -132 = 2*r - 4*r. Suppose t*j = 2*j + r. What is the units digit of j?
2
Let j be (-4)/26 - (-579)/(-39). Let x = 14 - j. What is the tens digit of x?
2
Suppose -1559 - 28816 = -45*n. What is the hundreds digit of n?
6
Suppose -49*s + 5320 = 4*y - 53*s, 3*y - 4*s - 3995 = 0. What is the thousands digit of y?
1
Let d be (-5 - 10/(-2))*2/(-4). Suppose -u + 3*u - 268 = d. What is the units digit of u?
4
Let a(f) = 4*f**3 - 16*f**2 + 3*f - 45. What is the tens digit of a(7)?
6
Let n(p) = 8*p**2 - 3*p + 2. Let g(h) = h - 1. Let w be g(3). What is the tens digit of n(w)?
2
Let p = -3 + 3. Suppose -z + 26 - 7 = p. What is the tens digit of z?
1
Suppose -10*d - 50 = -5*d. Let y(q) = -27*q - 29. What is the tens digit of y(d)?
4
Let l(z) = 2 - 12 + z + 3*z. What is the tens digit of l(6)?
1
Let h(o) = o**2 + 7*o + 15. Let k be h(-9). Suppose -2*p - k = -5*p. Let f = -8 + p. What is the units digit of f?
3
Suppose -5*z - 4*r + 4904 = -0*z, 4*z - 3*r = 3948. What is the tens digit of z?
8
What is the thousands digit of ((-65430)/(-35) - -3) + 12/21?
1
Suppose 6*q - 2*q + 24 = 0. Let s = 9 + q. Suppose -s = j - 10. What is the units digit of j?
7
Suppose 1152 = 38*q - 26*q. Let g = 105 + q. What is the units digit of g?
1
Suppose -15*m + 1725 + 11685 = 0. What is the hundreds digit of m?
8
Suppose 0*r - r = -g + 38, -3*g - 5*r + 122 = 0. Suppose -4*u + 3*u = -g. What is the units digit of u?
9
Suppose 4*d = -4*w - 80, -4*w - 47 - 51 = -2*d. Let l = -7 - w. What is the tens digit of l?
1
Let j be 2*(18/4 - 2). Suppose 0 = a - 3*s - s - 46, j*s = -a + 28. What is the units digit of a?
8
Suppose -4*x + 1918 = 3*x. Suppose -3*h + 210 = -0*h - 3*f, -2*f - x = -4*h. What is the tens digit of h?
6
Let q(i) = i**2 + 8*i - 3. Let l be -10 + 1/(2/4). Let d be q(l). What is the units digit of -26*(d/(-3) - 2)?
6
Let q(z) = 3*z - 14. Let l = 78 + -41. Let t = -25 + l. What is the units digit of q(t)?
2
Suppose -4*p + 3*p = -f - 7, 0 = -3*p + 4*f + 24. Let b = -312 - -314. Let k = p - b. What is the units digit of k?
2
Let g(z) be the first derivative of 18*z + 9*z**2 + 1/3*z**3 + 7. What is the units digit of g(-18)?
8
What is the units digit of (-14)/(-21)*54/(-8)*-114?
3
Suppose -2*n = -186 + 112. What is the tens digit of n?
3
Let m(a) be the first derivative of a**4/4 - 2*a**3/3 + a**2 - a - 1. Let k be m(2). Suppose 0*l = k*b + 2*l - 11, -22 = -b + 3*l. What is the units digit of b?
7
Let m = 1121 + -447. What is the units digit of m?
4
Let n be 220/(-25) + (-3)/15. What is the units digit of 192/(-36)*n/2?
4
Let d = -5 + 15. Suppose -2*p - d = -4*p. Suppose -23 = -2*y - p. What is the units digit of y?
9
Let f = 681 - -300. What is the tens digit of (-3)/12 + f/36?
2
Let p be (-30)/(-5)*((-129)/9 - 3). Let t = -19 - p. What is the tens digit of t?
8
Let f(l) = -l**3 + 19*l**2 + 11*l - 34. What is the tens digit of f(17)?
3
Let b(i) = 3*i**3 - 4*i**2 + 4*i - 3. Suppose 7 - 15 = -4*y. Let p be b(y). Suppose a = p + 14. What is the tens digit of a?
2
Let g be 1*(-1 + -2) - -6. Let u = 11 + -3. Suppose -g*f + u = f. What is the units digit of f?
2
Let c = -17 + 27. Let j be (-40)/25*c/(-4). Suppose 2*q - 90 = -j*q. What is the units digit of q?
5
Let a = 5 + -5. Suppose -4*k + 7 + 9 = a. Suppose -5*o + 4*o + k*w + 13 = 0, 30 = 3*o - 3*w. What is the units digit of o?
9
Let d = 5 - 3. Let b(t) = 6 + 2*t**2 + 0*t - t**2 + 0*t**d - 6*t. What is the units digit of b(6)?
6
Let m be (-546)/(-10) - (-10)/25. Suppose m = -3*p - 5*s - 29, 4*p = -4*s -